 -15 + -27 + -3 + 7.
-14
What is -10 - -13 - (-26 + (-7 - -12))?
24
What is 414 - 385 - (3 + (22 - -5))?
-1
-820 - -906 - (9 - 24)
101
Evaluate 33 + -77 - -142 - 21.
77
1 - 0 - (2 + 14) - (-424 + 391)
18
What is 179 - 91 - -81 - 111?
58
What is the value of (29 - 7) + (-1 - -2) + -10 + -50?
-37
Evaluate -14 + (-45 + 53 - (-46 - (0 + -1))).
39
Calculate (-367 - -368) + (-4 - (-3 + 4)).
-4
Calculate (15 - (4 + 3)) + 2 + 4 + 5 + -100.
-81
Evaluate 66 + -49 - (9 + 7).
1
Evaluate 296 + -335 + -2 + (-1 - 10).
-52
-37 - (-61 + (-119 - -110))
33
What is 13 + (3 - 3) - (295 + -301)?
19
61 + -33 + -10 + -38
-20
Calculate 10 + 0 - (-109 - -71).
48
-10 + 5 + -25 - (5 + -10 + 6)
-31
11 - ((-2 - 2) + 7) - ((-18 - 65) + 61)
30
(-44 - -60) + -24 + -33
-41
What is 11 + (3 + -5 + 12 - (-19 + 46)) + 38?
32
Evaluate ((-22 - 29) + 35 + 18 - (16 + -1)) + 59.
46
Calculate 150 + -98 + (-66 - 2).
-16
Calculate (15 - (9 + -6)) + (1 - 1) + -10 + 2.
4
What is (1 - -18) + -2 + 49 + -52?
14
Evaluate (-36 - (-3 - (-1 - -22))) + 7 + (128 - 0).
123
Calculate -5 + -1 + 0 + -1873 + 1922 - (-2 + 1).
44
What is the value of -11 - (19 - 12) - (-63 - -22)?
23
(-14 + 15 + -52 - 0) + -8 + 18
-41
-16 + (10 - -57 - 8)
43
12 + (-23 + 3 - -26 - (-12 + 4))
26
What is the value of 3695 - 3721 - (-16 - (-5 + 9))?
-6
What is the value of 0 + (5 - 28 - 2) + (-23 - (-37 + 23))?
-34
What is the value of -13 - 33 - ((56 - -22) + -22)?
-102
Calculate (1 - 5 - (-13 + 16 + -7 + 31)) + -1.
-32
-7 - (-6 + (-14 - -45))
-32
What is the value of 16 + 6 + -6 + (2 - (100 - 44))?
-38
(-82 - -86) + (-47 - 0) + (-19 - -9)
-53
What is the value of 118 + -4 + 3 + -7 + 1 - (35 - 23)?
99
51 - 108 - 9 - -186
120
What is -23 + (122 + -88 - 7)?
4
What is 44 + (-48 - 24) - (-2 - 8)?
-18
(-353 - -457) + -16 + -2
86
Evaluate -24 + -19 + 26 + 7 + 41 + 3.
34
What is the value of (9 - -4) + (-23 + 35 - (5 + 18))?
2
What is 17 - (-21 + 0 - (-6 - 13))?
19
What is the value of 0 - -10 - ((3 - -4 - -42) + (-5 - -1))?
-35
-215 + 43 + 19 + 121
-32
What is the value of 34 - (-2 + (-7 - -11 - 4))?
36
What is the value of (-52 - 102) + 70 - -218?
134
Evaluate -13 + (-16 - (41 + -67)) + -1 + -55.
-59
Evaluate 5 - -6 - (13 - -7) - -39.
30
Calculate (21 - 14 - -4 - 31) + -11 - 7.
-38
What is the value of 101 + (-81 + 45 + 36 - ((-3 - -2) + -8))?
110
Calculate -1 + (-40 - -19) - -37.
15
Evaluate 16 - 4 - 139 - -107.
-20
Evaluate -19 - (-99 - (26 + -71 + 17)).
52
Calculate -67 - ((-3 - 2) + 98 + -92 + (2 - -3)).
-73
-2 - (-108 - -3) - (53 + 164 + -195)
81
Evaluate 4 + -9 - (-8 - (-43 - (-2 - -6)) - 6).
-38
857 + -896 + -74 + 0 - -36
-77
What is the value of -8 + (-2 - -3) + (-8 - -14) - (3 - 11)?
7
What is -3 + 25 + (-39 - -54 - 68)?
-31
23 + (-51 - 54) - -124
42
Calculate (0 - (-5 - (9 - 3))) + (123 - 126).
8
What is -19 - (-126 + (9 - -26))?
72
-9 - -3 - ((0 + -59 - (-185 - -180)) + -2)
50
What is the value of 30 + 24 + -37 - (26 - 38)?
29
Calculate 1 + -15 + (-179 - -160).
-33
Evaluate 123 - (15 - -2 - (436 - 413)).
129
-35 - ((-2 - (-15 - -1)) + -12 + (2 - -8))
-45
Calculate -1 + 12 - (4540 - 4591).
62
What is (17 - -4) + (10 - -4 - 135 - -20)?
-80
Evaluate (25 - (-3 - -8)) + -117 + 90.
-7
2 + 4 + (-3 - (-17 + -11) - -2)
33
What is the value of -37 + 6 + 4 + (-14 - -14) + -1?
-28
What is (1 - 1) + -34 + -808 + 842 + (-43 - -2)?
-41
16 - (-99 - (10 - 67))
58
What is 1 + 7 - (-5733 - -5688)?
53
What is 3 + -151 - (1242 - 1320)?
-70
What is (86 - 79) + (12 + 121 - (0 + 1))?
139
What is the value of (3 - (9 - -2)) + (5 - (2 - -4)) + -33?
-42
Calculate 8 + (15 - 43 - 12) + 15 + 1.
-16
0 + -92 + 47 + 73
28
What is the value of 7 - (-13 - 33) - (-1 - 0 - -10)?
44
-10 + (3 - (-9 + 17) - -64) + (1 - -1)
51
Calculate 46 + 16 + (-15 - (9 - 16)) - (45 + -40).
49
What is the value of (55 - (5 - 13)) + (10 - 1) + 4 + -22?
54
Evaluate 46 + (-9 + -2 - -13) + -4 - (-24 + 28).
40
Evaluate (-15 + -23 + 56 - 20) + (-2 - -2) + 26.
24
Evaluate 1 + -31 + 57 + (66 - 121).
-28
-1 + 1 + 89 + -284 + 210 + (70 - -9)
94
Evaluate -58 - (47 + -179 - -59).
15
105 - (-11 - (-1 + 3 - 23 - 12))
83
(249 - 299) + -2 + 4 + (4 - 8)
-52
What is -10 - (42 + (-32 - -15) + 0)?
-35
Evaluate -13 - (-1476 + 1468 + (1 - (1 - 0))).
-5
(-1 + 22 - 3) + -2128 + 2072
-38
What is -7 - -35 - (-116 + -43 - -64)?
123
What is the value of -7 + (0 - -2) + (-74 - -71) + 3 + 10?
5
What is the value of -74 + ((-4 - (-9 - -2)) + -8 - (65 - 83))?
-61
What is (-12 + 5 - (13 - 22)) + (-3 - 0) + 74?
73
What is the value of -137 + 58 - -77 - (-8 - -4 - -36)?
-34
What is (18 + -19 + 3 - 154) + (-12 - -34)?
-130
-458 + 483 + (0 - 28) - (24 + 4)
-31
-10 + (-30 - -51) + (3 - -4) + (-8 - 0)
10
What is the value of 100 + -87 + -8 + 2 - (9 + -6)?
4
-27 + (-48 - -18) - (13 + -13)
-57
What is the value of 8 + (-32 - (5 + -14 - 8)) + (-8 - 4)?
-19
What is 2 - ((-17 + 5 - (-45 - -49)) + 54)?
-36
18 - (48 + -11 + 12)
-31
(-30 + 12 + -23 + 35 - (-6 - 0)) + 4
4
What is the value of ((-4 - 1) + (-14 + 10 - -10) - 14) + 0?
-13
What is the value of -94 + 12 + (12 - (4 - (10 - 19)))?
-83
What is 2 - (-30 + (-15 - -77))?
-30
Calculate (0 - (21 + -14)) + (111 + 9 - 2) - 11.
100
Calculate 159 + -126 + -29 + 66.
70
What is (0 - (-33 - -19)) + 7 + (-23 - 57)?
-59
What is -18 + -9 + (-1 + 3 + -2 - (124 - 134))?
-17
What is -17 + 15 + -9 + 18 + 8 + -10?
5
2 + (5 + -6 - 4) - (26 - (-21 - -53))
3
Calculate -92 + (-2 + (11 - 18) - (-5 - -7)).
-103
What is 35 - -8 - (34 - 44) - (-9 - 0 - -2)?
60
What is the value of (-42 - (-36 - -5) - (-6 - -2)) + -22?
-29
What is the value of (0 - 1 - ((41 - 24) + -24 + -40)) + -8?
38
-17 - (5 + 11 + -36) - 12
-9
What is -79 + (-30 - -69 - -18)?
-22
-10 - (179 + -167) - (-88 - 1)
67
What is the value of (0 - -24) + -2 + (162 - 148 - (6 - -22))?
8
135 + (-4 - 52) - (-1 + 25)
55
What is the value of (-7 - -3) + -1 + -3 + 4 - (11 + 7)?
-22
What is -4 - (-1 - 6) - (429 - 117 - 164)?
-145
Evaluate -7 - -2 - (21 - 78 - 28).
80
-148 + (-61 - (0 + -153))
-56
What is the value of -103 - (-46 + 19 + 32 - 6)?
-102
-5 + (74 + -2 - 62 - (0 - -46))
-41
Evaluate -50 + 17 + 66 - 91.
-58
What is the value of 109 - (79 + 48 - 106)?
88
Calculate 10 + 3 + 15 - (-2 - -3).
27
What is the value of (11 - (-21 + 12)) + -60?
-40
Evaluate -8 + 6 + -3 - (-236 + 67 + 66).
98
23 + (-24 - 5 - -14) - (1 + -56 + 4)
59
What is -7 + 0 - (-36 + (-19 - (-58 - 4)))?
-14
What is -388 + 91 + 267 + -17 + 0?
-47
What is the value of (4581 - 4630) + -1 + 34?
-16
What is -7 - (-48 + 55) - ((-44 - -2) + 2)?
26
Calculate -951 + 814 - (-81 - -1).
-57
What is the value of 33 + (-6 - 25) + (2 - 5) + 0 + -40?
-41
What is (368 - 271) + -176 + -3?
-82
What is 37 + -48 + 5 + 23 + 4?
21
Evaluate 126 + -7 + (15 - (11 + -7)) + -4.
126
31 + (-4 - ((-93 - -89) + 0 + 9))
22
What is (4 - 8 - -20) + -77 - (0 - -11)?
-72
Calculate -19 - (27 - (-21 + 32)) - -27.
-8
Calculate 33 - (-83 + 33 + 70).
13
What is 7 - ((-58 - 2) + (11 + -39 - -37))?
58
What is the value of -51 - -28 - (21 + 9 + 0)?
-53
Evaluate (137 - 16 - 120) + -1 + -66 + -1 + -3.
-70
Evaluate -13 + 1 + -4 - -12 - (-99 + 16).
79
Calculate (-4 - 2) + -8 - (-19 + -10 - -22) - 29.
-36
What is the value of (1 - (-7 - -17) - -22) + 27?
40
Calculate -6 + -120 + -8 + 73.
-61
What is the value of (6 - (3 - (2 - 5))) + -63 + 23?
-40
Calculate 2 + 4 + 7 + -33 + 26.
6
What is the value of -10 - -48 - (-3 + (-9 - -26))?
24
What is -21 + -104 - -121 - (4 - (-115 + -4 + 1))?
-126
What is the value of (185 - 235) + (8 - 2) + -39?
-83
What is -116 + -105 + 109 - -195?
83
Evaluate 3 + (4 - 2 - 0) + 9 + -10.
4
Evaluate -100 - (108 + 106 + -342).
28
-207 - -185 - (-14 - -6)
-14
Evaluate -21 + 2 + -1 - (-2207 + 2203).
-16
100 - -12 - 137 - 59
-84
(275 - (-31 - -282)) + (-2 - -2 - -2)
26
What is the value of (11 - -44) + -192 + 186?
49
What is the value of 3 + (41 + -39 - 7) + -106?
-108
Evaluate 44 - (-7 + (-13 - -53) + -7).
18
-85 - (-18 + 8) - ((5 - 26) + 7)
-61
-15 + 49 + -8 + -20 - (-18 - -8)
16
What is the value of 17 - (-15 + 9 + 38 - -54)?
-69
What is the value of 12 - (92 + -30 + -5)?
-45
Evaluate -75 - (-156 - 34) - 92.
23
Evaluate 3 + (5 - -22) + (-25 - -57).
62
What is the value of 23 - 13 - (-54 - -91)?
-27
What is the value of 6 + -22 + 4 + 3 + -9 + 7?
-11
Evaluate 41 + (99 - (89 + -22)).
73